+ 17*f - 28. Suppose -n - 37 = -52. What is u(n)?
2
Let j(p) = 4*p - 5*p**2 + 5 + 1 + 3 + 5*p - p**3. Let x = -165 - -174. Suppose -5*g + 3 = 2*n, -26*g + x = -23*g. Give j(n).
-9
Let m = 42 - 40. Let c be (m - (-13)/(-5))/((-3)/45). Let f(v) = v**2 - 8*v - 2. What is f(c)?
7
Let p(k) = 12*k**2 - 42*k - 175. Let d be p(6). Let h(i) = 17*i + 14. What is h(d)?
99
Let d(q) = -q. Let t = -27 + 37. Suppose -t*o + 14*o - 24 = 0. Give d(o).
-6
Let l(v) = -v**3 + 2*v**2 + 10*v - 1. Suppose -5*x + 32 = 3*t, 33*x = 37*x - t - 12. What is l(x)?
7
Suppose -6*h + 21 - 21 = 0. Let u be -5*4/(-40)*h. Suppose u = 8*t + t + 63. Let g(q) = -q + 5. What is g(t)?
12
Let s(m) = -5*m + 31*m - 12346 + 12343. Determine s(3).
75
Let k(d) = -882*d**2 + 1780*d**2 + 9*d - 897*d**2 + 29. Calculate k(-6).
11
Let s(q) = q - 7. Let x = 76 - 69. Suppose -3*r + 115 = x. Suppose -2*j + 10 = u, -4*j + u + u + r = 0. Calculate s(j).
0
Let q(h) = -4*h + 7. Let g be -6 - (1 - -2)*1/(-3). Let i be (g/4 - -1) + 42/8. Determine q(i).
-13
Let g(o) = -o + 1. Let p(f) = 6*f + 46. Let l be p(-9). Let h be g(l). Suppose h*c - 44 = -2*c. Let j(v) = v**3 - 3*v**2 - 3*v - 2. Give j(c).
2
Let n(b) = -7972*b - 7960*b - b**2 + 15910*b + 0*b**2. Suppose 3*s = 3*x - 60, 4*s = -5*x - 106 + 8. Give n(s).
0
Let n(h) = -3 + 3*h - 4*h - 4*h + 2*h**3 + h - 6*h**3. Let z be 28/56 - (14/4 - 2). Calculate n(z).
5
Let a(q) be the second derivative of -q**4/12 - 3*q**3/2 - 6*q**2 + 4084*q. Calculate a(-6).
6
Let p be 24/132 + 7/(154/260). Suppose 3*d + 0*d + 9 = 4*c, c + 4*d + p = 0. Let t(n) = -n + n**2 + 16*n**3 - 15*n**3 + c*n + 2. Give t(-2).
0
Let w(u) be the first derivative of -7*u**2/2 + 49*u - 74. Give w(17).
-70
Let p = -6 - -2. Let g(l) = -5*l**2 - 4*l + 9. Let h(u) = -6*u**2 - 4*u + 10. Let w(z) = p*h(z) + 5*g(z). Suppose 0 = 6*a - 2*a + 20. What is w(a)?
0
Suppose 41*n = 61*n - 120. Let o(s) = -s**2 + 4*s + 2. Let a be o(n). Let v(u) = -2*u - 6. What is v(a)?
14
Let g(k) = -15*k**3 + 32*k**2 + 2*k + 60. Let h(z) = -2*z**3 + z**2 + 1. Let v(l) = -g(l) + 8*h(l). Give v(-24).
-4
Let o(y) = -6*y**2 - 7*y**2 + 20*y**2 - 1 + 8 + 19*y - 3*y**2. Give o(-5).
12
Suppose 6*z = -0*z + 900. Let p = z + -157. Let d(j) = -j**3 - 8*j**2 - 5*j + 8. What is d(p)?
-6
Let d(q) be the second derivative of 1/6*q**3 - 1/12*q**4 - 7/20*q**5 - 83*q + 0*q**2 + 0. Give d(1).
-7
Let m(i) = -i**3 + i**2 + 11*i + 12. Let y(l) = 2*l**2 + 203*l + 780. Let u be y(-4). What is m(u)?
12
Let c(b) be the second derivative of b**2 + 2/3*b**3 - 36 - 5/12*b**4 + 1/20*b**5 + 2*b. Determine c(4).
2
Suppose -24 = 3*a + 2*q, 0*q = 3*q. Let h(o) = 3*o**2 + 8. Let p(s) = -17*s**2 + 8*s - 52. Let v(d) = -6*h(d) - p(d). Calculate v(a).
4
Suppose 6*p + 15 = 81. Let t(w) = -2*w**2 - 4*w - 9. Let o(d) = 5*d**2 + 11*d + 25. Let y(c) = p*t(c) + 4*o(c). Suppose 4 = 2*m - 0*m. Calculate y(m).
-7
Let s(t) = t**2 - 5*t + 10. Suppose 4*z = 4*w - 20, 2*z = -4*w + 5*w - 11. Give s(z).
76
Let p(y) = -14*y + 37. Let l = 22001 + -21989. Determine p(l).
-131
Let f(v) = -7*v**2 - 9*v - 2. Let y be (-1 - 0 - (-6)/3)/(-1). Let c be f(y). Let a(b) = b**3 - b**2 + 18. What is a(c)?
18
Let x(n) = -3*n - 16. Let z(f) = -2*f - 3. Let c(t) = -x(t) - 3*z(t). Determine c(-4).
-11
Let g = 148468 + -148467. Let z(i) = 1 + 2*i**3 + i**3 - 2*i**2 + 0 + i. Determine z(g).
3
Let s(p) = p - 4. Suppose 0 = g - 3 - 7. Suppose 0 = -5*t - 7*l + 2*l, l - g = -3*t. Suppose -5*q + 5 = t*a, -4*a + 13 = q - 6. Give s(a).
2
Let c be (-7 + 11)/(1 - -1). Suppose 3*m = -c + 8. Let z(j) = -j - 1. Let k(y) = 7. Let v(u) = k(u) + 4*z(u). What is v(m)?
-5
Let f = 20 + -35. Let t(p) = 5*p**2 - 5*p + 13. Let n(r) = -8*r**2 + 13*r - 28. Let j(z) = 3*n(z) + 5*t(z). Calculate j(f).
-4
Let p(d) be the first derivative of 0*d - 1/4*d**4 - 146 - 1/2*d**2 - 4/3*d**3. Determine p(-2).
-6
Let f(y) = -11*y + 11. Let a(d) = 9*d - 9. Let k(u) = -6*a(u) - 5*f(u). Let i(p) = 4*p - 5. Let w(j) = 2*i(j) - 6*k(j). Calculate w(-3).
-10
Let p(a) = 3*a**2 - 21*a + 26. Let s be (-455)/39*(-12)/20. Determine p(s).
26
Let y(v) = -21*v**2 + v**3 - 15 + 21*v**2 - 403*v - 7*v**2 + 402*v. Calculate y(6).
-57
Let g be (-28)/(-6)*30/4. Suppose 0 = -3*x + 1 + 8, 4*m + 3*x = -g. Let n = 9 + m. Let t(z) = -4*z**2 + z - 1. Determine t(n).
-19
Suppose -5*b + 2*a + 4 = -3*b, 4 = 2*b + a. Let q be b - (3 - 1/(-1)). Let l(z) = 3 + 9588*z - 2*z**2 - 3*z**3 + 9586*z + 9582*z - 28754*z. Calculate l(q).
15
Let q(k) = 5*k**2 - 13*k + 1. Let b be q(3). Let a(m) = b*m + 27 + 4*m + 3*m - 15*m - 19. Determine a(5).
3
Let b(s) = -634*s - 1900. Let l be b(-3). Let i(r) = r**3 - 3*r**2 + 6*r - 8. Calculate i(l).
0
Let l(h) = -h**3 + 3*h**2 + 2*h + 2. Suppose -a - 4*a = 0. Let t be a - (0 + (-20)/(-5)). Let y be (t + 8)/(-4) + 5. What is l(y)?
-6
Suppose 97 = 23*k + 3 + 2. Let m(d) be the second derivative of -1/2*d**2 + 0*d**3 + 0 + 1/6*d**k + 7/20*d**5 - d. Calculate m(-1).
-6
Let y(t) = -4*t**3 - 17*t**2 - t. Let n(d) = 75*d + 1121. Let f be n(-15). Determine y(f).
-12
Let a(r) = r**3 + 4*r**2 + r - 1. Suppose 0 = 3*y - 12, 2*n = 4*y + y - 400. Let b = -75 - n. Let d = 113 - b. Calculate a(d).
5
Let k(y) = 183*y - 2921. Let f be k(16). Let u(b) = b**2 - 5*b - 30. Determine u(f).
-16
Let q(i) = -i**3 + 5*i**2 + 3*i + 2. Suppose 75*y - 4*f = 77*y - 10, 2*f - 15 = -3*y. What is q(y)?
17
Suppose -2*g + 179 - 221 = -2*l, 5*l = 70. Let f(w) = 8 - 3*w**2 + 2*w**2 + 2*w**2 + 11*w. What is f(g)?
-20
Let o(s) = 2*s + 20. Let u = 397 - 404. Determine o(u).
6
Let s(w) be the second derivative of 3*w**5/10 + w**3/3 + w**2/2 + 42*w - 6. Let r = 9 - 5. Suppose -9*g + 5*g - r = 0. Calculate s(g).
-7
Suppose 352*y - 9027 - 1181 = 0. Let a(r) = -r + 48. Calculate a(y).
19
Let y(h) be the second derivative of -h**5/60 - 7*h**4/24 + 65*h**2/2 + 39*h. Let o(z) be the first derivative of y(z). Give o(-6).
6
Suppose -8*n = -7*n - 5. Let c(b) = -b**2 + 2*b - 7. Let i(f) = f**2 - 2*f + 4. Let r(w) = n*i(w) + 4*c(w). What is r(6)?
16
Let w = 7 + -41. Let v = w - -47. Let q(d) = 20*d - v*d**3 + 1 - 3*d**3 - 18*d. Give q(-1).
15
Let i(j) be the first derivative of j**2 - 7*j - 1. Suppose -3*m - 16*m = -4 + 61. Let a(t) = t. Let r(l) = m*a(l) + i(l). Give r(0).
-7
Let m be ((-354)/(-30) - 6) + 9/45. Let g(i) = -i**3 + 7*i**2 + i + 7. Calculate g(m).
49
Let f(a) = -a**3 + 13*a**2 + 14*a + 4. Suppose -5*y + 4*r - 8*r = -58, 0 = y - r - 17. Let x be f(y). Let j(l) = 2*l + 5. What is j(x)?
13
Let f(g) = 2*g**3 - 5*g**2 + 44*g - 148. Let v be f(3). Let d(t) = t**3 + 7*t**2 - 9. Give d(v).
-9
Let c(f) = f**3 + 6*f**2 - 3*f + 5. Let l = -5401 + 5394. Calculate c(l).
-23
Let o be 13 + 13 - (2 + (0 - (-1 - 3))). Let v(c) = -2*c + 30. Calculate v(o).
-10
Let u(o) = 210 - o + 179 - 404. Give u(2).
-17
Let g(k) = k**3 + 3*k**2 - 2*k - 3. Let u be g(-3). Let i(z) = -120547137*z - 1 + 2 - 3 + 120547124*z. Calculate i(u).
-41
Let h(p) = 0*p - 9 + 4*p + 2*p - p. Let d be h(2). Let y(c) = 10*c. What is y(d)?
10
Let i(v) = -5579553 - 2*v + 5579551 - 5*v. Give i(-11).
75
Suppose -2*j + 441 = 8*i - 13*i, -4*i - 1094 = -5*j. Let l(x) = 426 + 2*x + x**2 - 210 - j. Calculate l(-4).
6
Suppose 5*p + 7*d = 4*d - 662, -2*p = -d + 256. Let v be p/(-25) - (-1)/(-5). Let k(o) = o**3 - 2*o**2 - v + 1 + 6. Calculate k(-2).
-14
Let i(j) = -j**2 + 2. Let d(g) = -3 - 44*g + 0 + g**2 + 43*g. Let a(b) = -6*d(b) - 7*i(b). Give a(-4).
-4
Let g(t) = t**3 - t**2 + 2. Suppose 19*s - 18*s - 2 = 0. Suppose 0 = p + 5*m - 28, s*p - 3*p + 12 = m. Suppose p = 4*q - 0*q. What is g(q)?
6
Let a(m) = 5*m**3 - 53*m**2 + 35*m - 29. Let i be a(10). Let x(u) = 3*u - 108. Calculate x(i).
-45
Let h(k) = -25*k**2 - 10*k + 18*k**2 - 10*k + 21*k. Suppose 28 = -4*b + 8, 60 = -5*x - 4*b. Let v = x + 9. Give h(v).
-6
Suppose -5*a - 29 = 76. Let i = -32 - a. Let x = i - -14. Let s(o) = o**3 - 2*o**2 - 2. Calculate s(x).
7
Let z = 551 - 546. Suppose z*h = -17 - 28. Let x(y) = 3*y + 32. Determine x(h).
5
Suppose y = -5*h + 1501, 0 = 4*h + 14*y - 19*y - 1224. Suppose -a - 300 = -h. Let g(j) = -7*j**2 - 1. What is g(a)?
-8
Let u(g) be the second derivative of -g**3/2 + g**2/2 - 74*g - 1. Give u(-1).
4
Let a(i) be the first derivative of -i**3/3 - 5*i**2 - 7*i + 5. Let r(w) = -6*w**3 - 2*w - 1. Let t be r(-1). Let o be -2 - (-3 + t)